remainder when 18 is divided by p(4)?
3
Let q = 2 - 2. Let d be (-6)/(-4)*(-40)/(-15). Suppose 5*u + 3*p - 77 = q, -66 = -d*u + p - 1. What is the remainder when u is divided by 6?
4
Let q(s) = s**2 + s + 5. Let j(m) = -m**2 + 10*m + 8. Let z be j(12). What is the remainder when q(6) is divided by z*2*(-1)/2?
15
Let w(r) be the first derivative of r**3/3 - r**2 - 2*r + 3. Let q = 7 + -2. Calculate the remainder when w(q) is divided by 5.
3
Let i = 40 + -23. Calculate the remainder when 31 is divided by i.
14
Let d(o) = -2*o + 4. Let b be d(-4). Suppose -2*l + b = -l. Calculate the remainder when 33 is divided by l.
9
Let f = 39 - -44. What is the remainder when f is divided by 28?
27
Suppose h = -a - 0*h + 16, -3*a + 28 = -h. Suppose 5*m + p = 2*m + 33, -m - 3*p = -a. Calculate the remainder when 32 is divided by m.
10
Suppose -3*k - 71 = -2*g - 0*g, 5*g - k = 158. What is the remainder when g is divided by 17?
14
Let x = -5 + 8. Calculate the remainder when x is divided by 1.
0
Suppose 3*b - 5 = 22. Let x be 4*1/(-3)*-30. Suppose 2*y + f = 54, 0 = 3*y - 3*f + x - 103. Calculate the remainder when y is divided by b.
7
Let t(a) = -2*a**2 + a**3 + 8*a**2 - 4*a + a - 2 - 2*a. Suppose 0*o + 30 = 3*o. Calculate the remainder when t(-6) is divided by o.
8
Let s be 2/(-1*(-3)/3). Suppose 70 = 3*q + 5*o - o, -s*o - 30 = -q. Calculate the remainder when q is divided by 3*(-2)/(-6)*14.
12
Suppose -5*r + 4 = -4*f, -3*f = -0*r - 2*r - 4. Suppose -11 = -3*a + 4*m, -r*a + 2*m = -2*a - 8. Calculate the remainder when a is divided by 3.
2
What is the remainder when 55 is divided by (-3)/12*(-12)/1 - -25?
27
Let k = 34 + -12. What is the remainder when k is divided by 8?
6
What is the remainder when 42 is divided by (-180)/(-24)*((-1)/(-1) - -1)?
12
Calculate the remainder when 24 is divided by 21*((-4)/10)/((-51)/85).
10
Let u = -10 - -14. Calculate the remainder when (-29)/(-9) + (-4)/18 is divided by (u + -5)/(2/(-4)).
1
Suppose 2*x - 1 = x - 5*a, 0 = 2*x - 3*a - 41. Calculate the remainder when 108 is divided by x.
12
Let c(m) = -m**3 - m**2 + m + 13. Let s be (-48)/(-20) - 2/5. Suppose 0 = -s*h - 3*h. What is the remainder when 38 is divided by c(h)?
12
Let u(y) = -4*y - 12. Calculate the remainder when 35 is divided by u(-5).
3
Let o(g) = 2*g**2 + 7*g + 16. What is the remainder when o(-6) is divided by 12?
10
Suppose -3*h + 50 = 2*h. What is the remainder when ((1 - 0) + -2)*-19 is divided by h?
9
Suppose 3*b - 6*b - 3*j = -21, -4*j = b + 8. What is the remainder when 34 is divided by b?
10
Suppose 2*l + 5*m = l + 29, -26 = -2*l - 2*m. Suppose l*n = 13*n - 68. Calculate the remainder when 33 is divided by n.
16
Calculate the remainder when (10 - 15)/((6/10)/(-3)) is divided by 14.
11
Let d = 13 + 2. Suppose 33 = 3*o + 5*w, 3*w = -o + 2*w + 9. Calculate the remainder when d is divided by o.
3
Suppose -160 = w - 5*w. Suppose 4*t + 0*t = -5*b + 71, 0 = -3*t + 4*b + 30. What is the remainder when w is divided by 8/(-2)*t/(-4)?
12
Let x be (-64)/(-24) + (-1)/(-3). Let g = 154 - -66. Suppose v = -x*v + g. Calculate the remainder when v is divided by 19.
17
Let h = 226 - 137. Let u = -43 + h. Calculate the remainder when u is divided by 12.
10
Let a = 30 - 17. What is the remainder when 23 is divided by a?
10
Let t = -2 + 28. What is the remainder when t is divided by 7?
5
Suppose 0 = -l + 3*o + 10, -5*l + 0*o = o - 66. Calculate the remainder when 51 is divided by l.
12
Let u(g) = 2*g**2 - 4*g - 16. Calculate the remainder when 93 is divided by u(6).
29
Suppose w + 0*w - 2 = 0. Suppose 0 = v - w*v. Suppose -j = 5*i - 12, 2*j + 0*j - 2*i = v. Calculate the remainder when j is divided by 1.
0
Suppose -4*n = -5 - 63. Suppose w = 4 + 5. What is the remainder when n is divided by w?
8
Let b = 8 - 5. Suppose b = 5*x - 12. What is the remainder when 7 is divided by x?
1
Suppose 0 = y - 3*y + 76. Let i = 16 + y. What is the remainder when i is divided by 14?
12
Suppose 0*m - m - 60 = -4*c, 5*m = -2*c + 30. Calculate the remainder when 42 is divided by c.
12
Suppose 4*w + 5*y - 4*y = -104, 0 = 3*y. Let a = 43 + w. Suppose 2*x - 5*k - 95 = 0, -3*k - 197 = -5*x + x. What is the remainder when x is divided by a?
16
Suppose -18 = 2*a - 2*m, -4*m + 7 = -a + 1. Let w = a + 15. Suppose t - 4*p = -w*p + 3, 0 = -2*p - 6. Calculate the remainder when 11 is divided by t.
5
Suppose 6*n - 5*n = 16. Suppose -175 - 55 = -5*a. Calculate the remainder when a is divided by n.
14
Suppose -42*k + 48*k = 114. Suppose -o + 29 = 6*n - n, -o + 4 = 0. What is the remainder when k is divided by n?
4
Let q = -13 + 41. Calculate the remainder when 110 is divided by q.
26
Let f(v) = v**2 + 5*v + 6. Calculate the remainder when 87 is divided by f(-8).
27
Suppose -2*d + 59 = -71. What is the remainder when d is divided by (3/2)/(3/44)?
21
Suppose 188 = 2*d + b + 23, 5*d - 2*b = 408. What is the remainder when d is divided by 14?
12
What is the remainder when 40 is divided by (1/2)/(3/84)?
12
Let w(p) = -3*p**3 + 2*p**2 + p + 2. Let z be w(2). Suppose 7*q = 3*q + 136. Calculate the remainder when q is divided by (18/(-7))/(z/56).
10
Let t = -7 + 11. Suppose -5*n = 5*l - 220 - 80, -302 = -5*l - t*n. Calculate the remainder when l is divided by 16.
14
Let d = -7 + 11. Suppose n + 0 = 4*p - 5, d*n = 5*p + 2. Let s = 5 - n. Calculate the remainder when 5 is divided by s.
1
Suppose 12*n - 497 = 655. Calculate the remainder when n is divided by 20.
16
Suppose -9*b + 10*b - 222 = 0. What is the remainder when b is divided by 25?
22
Let k(v) be the first derivative of -v**2 - 5*v + 1/3*v**3 - 2. What is the remainder when 7 is divided by k(4)?
1
Let o(x) be the third derivative of -1/12*x**4 + 0*x - 3*x**2 + 0 + 1/20*x**5 - 2/3*x**3. Calculate the remainder when o(-4) is divided by 18.
16
Suppose 3*h - 56 - 358 = 0. What is the remainder when 68 is divided by ((-1)/(-3))/(2/h)?
22
Suppose -5*j + 39 = -51. What is the remainder when 50 is divided by j?
14
Suppose -3*a + 50 = 2*c, -4*a - 75 = -3*c + a. What is the remainder when c is divided by 9?
7
What is the remainder when (-1 - (-28)/36) + (-2288)/(-9) is divided by 51?
50
What is the remainder when ((-372)/8)/((-1)/2) is divided by 19?
17
Let b = 10 - 11. Suppose 16 = -4*g, -2*p - g + 5*g = -54. Calculate the remainder when p is divided by 3 + ((-8)/2)/b.
5
Suppose -4*s + v = -40, 0 = 5*s + 4*v - 25 - 25. What is the remainder when s is divided by 1/3*1 - (-17)/3?
4
Let s(n) = -6*n**2 + n - 1. Let y be s(1). Let d be y/9 + (-16)/(-6). Calculate the remainder when d*94*3/12 is divided by 16.
15
Let s = 21 + -2. What is the remainder when s is divided by 10?
9
Let m = 1 + -4. Let w = m - -6. Suppose -r - 100 = -w*r. What is the remainder when r is divided by 17?
16
Let q(i) = 5*i - 3. Let s be q(3). Suppose 3*m - d + 0*d - 14 = 0, 4*m - 3*d = s. Calculate the remainder when 21 is divided by m.
3
Let r = -4 + 5. Suppose 8 + r = 3*j. Suppose -x + j*x = 18. Calculate the remainder when 17 is divided by x.
8
Suppose 48 = 3*a + 3*m, -4*m = -a + 2 - 1. Suppose d + 48 = 3*d. What is the remainder when d is divided by a?
11
Suppose 0 = 4*a + 4*t, 0 = a + 2*a - 2*t - 10. Let r = -9 + 0. Let m(v) = v**2 + 9*v + 3. What is the remainder when m(r) is divided by a?
1
Let n = -2 + 5. Suppose 4*q - 49 = -n*t, -2*t = 3*q - 6*q - 61. Calculate the remainder when t is divided by 12.
11
Let d(j) = j**3 + 8*j**2 + 8*j + 8. Let c be d(-7). What is the remainder when 49 is divided by 2*c/1*13?
23
Let z(c) = -3*c - 1. Calculate the remainder when 17 is divided by z(-4).
6
Suppose -5*v + 240 = -5*a, -a + 4*v = 2*a + 148. Let o = 68 + a. What is the remainder when o is divided by 9?
6
Let f = 4 - 0. Suppose 4*i - 5*i = f*q - 66, 0 = 4*q. Suppose 5*x - 2*x = i. Calculate the remainder when x is divided by 12.
10
Let d(o) = o**3 + 8*o**2 + o + 11. Let l be d(-8). Suppose -4*r = -l*r - 20. Suppose -3*h + 33 = -0*h. What is the remainder when r is divided by h?
9
Let x(l) = -l + 5. Calculate the remainder when 21 is divided by x(-7).
9
Let c = 5 + -4. Let b = 5 - c. Suppose 8 = 2*x - b. Calculate the remainder when x is divided by 4.
2
Suppose -4*u = -7*u + 117. Suppose 3*c - c - v = 37, 0 = -4*c - v + 83. What is the remainder when u is divided by c?
19
Let g(l) = 2*l**2 - 4*l +